, 13
Suppose 5*a + 82 = 3*p, -5*a + 34 = 2*p - p. What are the prime factors of p?
29
Let f be ((-12)/(-2))/(2/4). Let y be f/(-42) + 536/14. List the prime factors of y/5 - (-9)/(-15).
7
Let i(p) = p**2 + 3*p + 3. Let d be i(-5). Suppose 0 = -v + 2*c + 2, 0 = -c - 0 - 2. Let b = d + v. What are the prime factors of b?
11
Let s(r) = 3*r**2 + 6*r - 7. What are the prime factors of s(-5)?
2, 19
Let x = 12 + -43. Let f = 73 + x. List the prime factors of f.
2, 3, 7
Suppose 0 = 8*w - 432 + 80. List the prime factors of w.
2, 11
Let q = 9 - 4. Suppose -3*y + 62 = -2*b, -q*y = 8*b - 3*b - 145. List the prime factors of y.
2, 3
Suppose 0 = 5*k - 4*a - 198, -4*k + 90 = -2*k + 2*a. What are the prime factors of k?
2, 3, 7
Let b be -3*(32/(-12))/2. Suppose 97 = 3*q - 5*z, -152 = -5*q - b*z + 22. What are the prime factors of q?
2, 17
Let d(l) = 3*l**2 + 9*l + 58. What are the prime factors of d(-8)?
2, 89
Suppose 1 = 12*d - 71. What are the prime factors of d?
2, 3
Suppose 3*a = 6*a - 9. Let k be a/(9/(-6))*-1. Suppose 5*x - k*y - 81 = 0, x - 3*y + 4 - 15 = 0. What are the prime factors of x?
17
Let m = 1 - -2. Let z be (9/6)/(2/4). Suppose -v = -4*v - m, 0 = p + z*v. What are the prime factors of p?
3
Suppose -3*v = 2*l + 15, -l - 2*l + 2*v + 10 = 0. Suppose l = -h - 0*h + 9. List the prime factors of h.
3
Let p = 16 + -6. List the prime factors of 363/15 - 2/p.
2, 3
List the prime factors of 1/3 - 202/(-6).
2, 17
Suppose 0 = 2*u - 3*u. List the prime factors of 1 + u/(-4) + 14.
3, 5
Suppose 3*d - 889 = -190. List the prime factors of d.
233
Let z(x) be the first derivative of 2*x**3/3 - 3*x**2/2 + x - 1. Let f be z(2). Suppose -2*a - 2*h = -28, 12 = f*a - h - 2*h. List the prime factors of a.
3
Suppose -2*u - 9 = -5*u. Suppose -4*y + 35 = u*r, y - 1 = 1. What are the prime factors of r?
3
Let x = 5 + 13. List the prime factors of x.
2, 3
Suppose 5*o = -4*q + 319, o - q - 83 = 3*q. What are the prime factors of o?
67
Let f = 0 + -6. Let b = f - -8. List the prime factors of b.
2
Let v(o) = o**3 - 3*o**2 + o + 1. Let g be v(3). Let t = g + -1. Suppose -2*p = -2*n - 6*p + 22, n + t*p - 15 = 0. What are the prime factors of n?
3
Let u(t) = t**3 - 14*t**2 + 19*t + 2. What are the prime factors of u(13)?
2, 5
Suppose 2*r - 206 = 2*c - 0*c, -c - 309 = -3*r. Suppose -4*s + 25 + r = 0. Suppose 2*t + 2*t = b + s, b + 18 = 2*t. What are the prime factors of t?
7
Suppose 4*s + 2*b - 66 = 0, -4*b = -3*s - 0*b + 66. List the prime factors of s.
2, 3
Let l(b) = -473*b**2 - 2*b + 1. Let r = 4 - 3. Let v be l(r). List the prime factors of 6/14 + v/(-21).
23
Let l = -111 - -313. What are the prime factors of l?
2, 101
Suppose 0 = 2*v - 18 - 32. List the prime factors of v.
5
Let z = -5 - -8. List the prime factors of -2 - 0 - (z - 17).
2, 3
Suppose 2*a = -2*a + 36. Let o = -8 + 9. Suppose -f + a = o. List the prime factors of f.
2
Suppose 0 = -4*q - 5 + 1. Let w = q - -4. Let a = 14 - w. What are the prime factors of a?
11
Suppose -8 = 5*b + 32. Let k(j) = -3*j - 8. List the prime factors of k(b).
2
Let l(t) = -t**2 - 11*t - 10. Let y be l(-9). Let o = y - 5. Suppose -2*i = 4*f + 13 - 55, -5*i - 38 = -o*f. What are the prime factors of f?
11
Let y(o) = -o**2 + 1. Let n be y(-5). Let l = n + 44. What are the prime factors of l?
2, 5
Let l(x) = -x**3 + 7*x**2 - 8*x + 3. Let m be l(6). Let q(s) = -s. Let k be q(m). List the prime factors of ((-3)/(-2))/(k/24).
2
Let w = -15 + 27. List the prime factors of w.
2, 3
Let r(x) = -4 + 31*x - 19*x + 3. Let q be (3 - (-5)/(-2))*2. What are the prime factors of r(q)?
11
Let c(f) = f**2 - 8*f + 10. Let k be c(7). Suppose 5*i = -4*s - 6, -k*i - 3*s = -5*s - 14. List the prime factors of i.
2
Suppose -5*h - 2*j = -22, -4*h + j + 1 + 27 = 0. Suppose -h*b + 48 = -2*b. List the prime factors of b.
2, 3
Let h(s) = -8*s - 2. Let a be h(-2). Let x = -6 + a. What are the prime factors of x?
2
Let y = -10 + 11. Let c = y - -13. What are the prime factors of c?
2, 7
Suppose 2*g + 4 = 3*g. Suppose f - 30 - 19 = -g*i, 0 = -4*i + 5*f + 19. Suppose -i = -3*l + 31. What are the prime factors of l?
2, 7
Let h(n) = -n + 18. Let v be h(15). What are the prime factors of v - (-30)/(-2)*-1?
2, 3
Let t = 70 + -41. List the prime factors of t.
29
Let x(c) = 31*c**3 - 2*c**2 + 1. Let g be x(-1). Let h = -20 - g. List the prime factors of h.
2, 3
Suppose 2*g = d + 4, d - 15 = -3*g - 2*d. Let q be 11 - (1 - 2) - 2. Suppose 2*x + q = g*x. What are the prime factors of x?
2, 5
Suppose 4*v + 0*v = 8. List the prime factors of 19 + (-3)/(v + -3).
2, 11
Suppose 5*l = -3*i + 9*l + 259, 4*i - 312 = -3*l. What are the prime factors of i?
3
Let z = 61 + 195. List the prime factors of z.
2
Let y be 12/(-8) - 2/(-4). Let s(o) = -20*o**3 - o**2 + o + 1. List the prime factors of s(y).
19
Suppose 0*p - 8 = -4*p. What are the prime factors of (-1 + p)*(1 - -18)?
19
Let x = -49 - -92. What are the prime factors of x?
43
Suppose -q - 5*h = -0*q - 27, -3*h + 9 = 0. What are the prime factors of 1*q - (-3 + 0)?
3, 5
Suppose 41*a - 33*a - 2232 = 0. List the prime factors of a.
3, 31
Let a be 6/4*16/12. Suppose 4*d + 2*z + 2*z + 100 = 0, a*d = z - 35. What are the prime factors of (-156)/(-10) - 8/d?
2
Let l be (-4)/14 + (-426)/(-21). Suppose s - 60 = -5*v + l, -s = -5*v + 90. What are the prime factors of v?
17
Suppose 0*y - 5*y = -75. Let b = 27 - y. What are the prime factors of b?
2, 3
Suppose -w = -3*l + 1 + 3, -2*w + 7 = -l. Let t(f) = 3*f - 2. Let j be t(2). Let z = j + w. List the prime factors of z.
3
Let u = -120 + 179. List the prime factors of u.
59
Suppose 11*s - 496 = 3*s. List the prime factors of s.
2, 31
Suppose 0 = -3*l - 157 - 14. Let q = l - -36. Let n = -9 - q. List the prime factors of n.
2, 3
Suppose 2 = -z + 14. Let l be 111/z - (-1)/(-4). Let j(h) = h - 6. What are the prime factors of j(l)?
3
Suppose -3*a = -4*m + m, 0 = 3*m - 4*a + 2. Suppose -7 = -j + 5*c, 5*c + m = -3. Suppose j*v = 8 + 6. What are the prime factors of v?
7
Let h(g) = g**2 + 1. Let j(v) = -v**3 - 11*v**2 + 6*v - 9. Let u(a) = 5*h(a) + j(a). What are the prime factors of u(-7)?
3
Suppose 0 = -4*t + 13 - 5. Let c = 2 - t. Suppose -k + 4*i - 7 = c, -2*i + 1 + 15 = 2*k. List the prime factors of k.
5
Suppose -4*n - 4 = -2*n + 2*w, -4*w = -5*n + 35. Let p(x) = -x**2 + 7*x - 3. Let z be p(5). Let r = z + n. List the prime factors of r.
2, 5
Let k(y) be the second derivative of -y**3/2 - 17*y**2/2 - 9*y. What are the prime factors of k(-9)?
2, 5
Let c(k) = -3*k - 2. Suppose 12 = -2*y - 2*y. Let z be c(y). Let b = z + 2. List the prime factors of b.
3
Let h = 62 - 28. List the prime factors of h.
2, 17
List the prime factors of 5*(1 + 3)/20 - -155.
2, 3, 13
Suppose 0*o + o = -5, -2*o - 10 = -2*l. Suppose u + l - 2 = -t, -u + 8 = -5*t. List the prime factors of u.
3
Suppose 51 = s + 5*d, 3*d = 2*d. Suppose 3*u = 15 + s. List the prime factors of u.
2, 11
Suppose -3*b + 108 = b. Suppose 3*n + b = 4*n. What are the prime factors of n?
3
Let x = -24 + 14. Let u = 49 + x. List the prime factors of u.
3, 13
What are the prime factors of ((-20)/25)/(-2 + (-2844)/(-1425))?
2, 5, 19
Let i = 6 + -3. Suppose s = 2*s + i*x - 12, -2*x = s - 8. Suppose o + 1 = -s*o - y, 2 = 2*o + y. List the prime factors of o.
3
Let t be -3 - (4 + -2) - 1. What are the prime factors of (-158)/t + 1/(-3)?
2, 13
Let o = 34 - 20. Let s be 2/(-6) - 68/12. Let u = s + o. What are the prime factors of u?
2
Let d(t) = -t**3 + 19*t**2 + 2. Let u be d(19). What are the prime factors of 6*(26 - u)/4?
2, 3
Suppose 4*n - 20 = 0, -5*y - 5*n + 217 = -y. Let t = 77 - y. List the prime factors of t.
29
Suppose 0 = 4*q - 51 - 325. What are the prime factors of q?
2, 47
Suppose 41*f - 39*f - 202 = 0. What are the prime factors of f?
101
Let f = 45 + -13. What are the prime factors of ((-6)/4)/((-6)/f)?
2
What are the prime factors of (65 - 4) + -2 - 0?
59
Let r = 115 + -8. What are the prime factors of r?
107
Suppose -4*s + 0*s + 20 = 0. What are the prime factors of s?
5
List the prime factors of 240 + (6/(-9))/((-2)/(-6)).
2, 7, 17
Suppose -t + 22 = y, y - 29 - 5 = 3*t. Let z = -10 + y. Let w = -6 + z. List the prime factors of w.
3
Let c(n) = 3*n - 8. Let h(p) = p - 3. Let q(g) = -6*c(g) + 17*h(g). Let x = -30 - -20. What are th